000110101100 + 1110?
-111000000110011110
In base 9, what is -644718 + 2?
-644716
In base 9, what is 6418 - 8?
6410
In base 12, what is 3 - 3539?
-3536
In base 7, what is 356616 + -1?
356615
In base 9, what is 0 - 248103?
-248103
In base 16, what is -a3e - 88?
-ac6
In base 8, what is 3717240 - 4?
3717234
In base 12, what is -b + 743b?
7430
In base 14, what is -a5b6 - -3?
-a5b3
In base 14, what is 5 - -39aa8?
39aad
In base 7, what is 122321 + -41?
122250
In base 2, what is 100101100 - 1000010?
11101010
In base 10, what is -37 + -561?
-598
In base 11, what is 445105 - 2?
445103
In base 5, what is -10011044 - 32?
-10011131
In base 16, what is -1afe0 - 3?
-1afe3
In base 4, what is 10 - 130232312?
-130232302
In base 16, what is -20 + -7da?
-7fa
In base 5, what is 3234413 + -1?
3234412
In base 8, what is 115513 - 25?
115466
In base 6, what is -110232 + 2?
-110230
In base 3, what is -11 - 100111111?
-100111122
In base 9, what is -6731 - 2?
-6733
In base 3, what is 11 + -1010200211?
-1010200200
In base 13, what is 266 + -60a?
-374
In base 5, what is -12200003 + -3?
-12200011
In base 2, what is 10111101011000100 - 1?
10111101011000011
In base 12, what is 270ab7 + -2?
270ab5
In base 11, what is -2 + a179?
a177
In base 4, what is -302012212 + 3?
-302012203
In base 11, what is 6685 - -53?
6728
In base 3, what is -2 + -2100222102?
-2100222111
In base 9, what is 30405 + -3?
30402
In base 15, what is -577 - 438?
-9b0
In base 4, what is -3023131 - -21?
-3023110
In base 8, what is 1366066 - -4?
1366072
In base 12, what is 14a882 + 2?
14a884
In base 9, what is 105 - -35780?
35885
In base 10, what is 9 - -41020?
41029
In base 4, what is 301330123 - 32?
301330031
In base 7, what is -6010 - 3?
-6013
In base 8, what is -3 - 373312?
-373315
In base 6, what is 3144534 - -1?
3144535
In base 14, what is 4 - -35174?
35178
In base 15, what is -39 + 1061?
1027
In base 5, what is 4 + -111320303?
-111320244
In base 11, what is -21073 + -4?
-21077
In base 9, what is 4 + 11647?
11652
In base 10, what is -10 - 20?
-30
In base 16, what is b97 + -23?
b74
In base 3, what is 122122 + -1012?
121110
In base 2, what is -1110011111 + 1100100111010?
1010110011011
In base 3, what is -10 - -1221200?
1221120
In base 4, what is 1 + 130300011?
130300012
In base 9, what is -12516 + -520?
-13136
In base 14, what is -4 + -56861?
-56865
In base 9, what is -58323 + 2?
-58321
In base 16, what is -90f6 + e?
-90e8
In base 2, what is -101011010 + -11000011?
-1000011101
In base 6, what is -14030531 - 5?
-14030540
In base 13, what is 160c5 + 1?
160c6
In base 3, what is 1212 - 101201001?
-101122012
In base 5, what is -33201311 - -10?
-33201301
In base 10, what is -3 + -989481?
-989484
In base 10, what is 61207 + -3?
61204
In base 16, what is -2 + -1f6fc?
-1f6fe
In base 7, what is 13 + 30650?
30663
In base 14, what is a + -cab?
-ca1
In base 11, what is 11 - 15980?
-1596a
In base 9, what is 1055 + 172?
1237
In base 11, what is -51933 + 2?
-51931
In base 12, what is -4 - 6a77?
-6a7b
In base 13, what is -1c68 - -3?
-1c65
In base 15, what is -2d - -bc7?
b99
In base 7, what is 15111 + -215?
14563
In base 3, what is -11211111011121 - 2?
-11211111011200
In base 14, what is -12ca5 + 0?
-12ca5
In base 4, what is -11 + 312021201?
312021130
In base 9, what is 2110 - 61?
2038
In base 8, what is 20 - -2613?
2633
In base 8, what is 1163743 - -3?
1163746
In base 15, what is -9c90 + 1?
-9c8e
In base 14, what is 1dca - -2d?
2019
In base 3, what is 111001221 + 10?
111002001
In base 12, what is -22 + 19?
-5
In base 8, what is -123043 + 5?
-123036
In base 10, what is 14 - -34552?
34566
In base 3, what is -100110 - 2212?
-110022
In base 12, what is 1 - -2b491?
2b492
In base 5, what is 23330 + 23?
23403
In base 15, what is -9a0 + c09?
259
In base 8, what is 20 - -31130?
31150
In base 11, what is -65 - -4225?
4170
In base 2, what is 1101011 - 101100010010?
-101010100111
In base 3, what is -2011 - 10102201?
-10111212
In base 5, what is 42244 + -11?
42233
In base 6, what is 0 + -51011224?
-51011224
In base 3, what is 1 + -10222112122?
-10222112121
In base 5, what is -2213 - -12434?
10221
In base 14, what is 4 - -4074?
4078
In base 6, what is 31 + -55455?
-55424
In base 15, what is 69 - -2c4c?
2cb6
In base 2, what is -1001001101111110 + -1?
-1001001101111111
In base 16, what is -34a + -147?
-491
In base 5, what is 10 + 14122211?
14122221
In base 14, what is -4 + 6bb7b?
6bb77
In base 13, what is 55a36 + -2?
55a34
In base 2, what is 110100001 + -10100010100?
-1101110011
In base 2, what is 11 - -101101100010?
101101100101
In base 3, what is 121011010 - 20020?
120220220
In base 13, what is -3499 - 125?
-35c1
In base 7, what is 35 - 450?
-412
In base 13, what is -14 - -8037?
8023
In base 10, what is 15611 - 16?
15595
In base 16, what is b - 4b37?
-4b2c
In base 2, what is 1101 - -1000100011001?
1000100100110
In base 9, what is -4856 - 340?
-5306
In base 2, what is -111010 + -101101111010?
-101110110100
In base 3, what is -12 - -111212212?
111212200
In base 15, what is -2d + a9?
7b
In base 16, what is 2 - -25ee?
25f0
In base 8, what is 15507126 - 3?
15507123
In base 7, what is 341465 - 10?
341455
In base 5, what is 2 - 1424330?
-1424323
In base 15, what is -a1 - -10e?
5d
In base 3, what is 10112020202 - 1?
10112020201
In base 9, what is -14 - 131305?
-131320
In base 8, what is -254 - 20?
-274
In base 14, what is -37 + -11a39?
-11a72
In base 3, what is -22120200 - 12?
-22120212
In base 8, what is -4 + 31612?
31606
In base 3, what is -12 + -10200120?
-10200202
In base 3, what is 201010 + -22020020?
-21112010
In base 6, what is 11 + -54144?
-54133
In base 13, what is -27 - 2b3?
-30a
In base 8, what is -11564 + -164?
-11750
In base 13, what is -1785 + 41?
-1744
In base 13, what is b + -57c1?
-57b3
In base 13, what is -8 - -4a0?
495
In base 7, what is -434613 - 1?
-434614
In base 13, what is 48a5b + 0?
48a5b
In base 14, what is -4c0 + 2?
-4bc
In base 12, what is -9557 - -3?
-9554
In base 5, what is 1104 + 100021?
101130
In base 11, what is 5 - -8627?
8631
In base 7, what is 112634451 + 2?
112634453
In base 6, what is 502 - -4430?
5332
In base 11, what is a199 - 0?
a199
In base 3, what is -22 - -11100122?
11100100
In base 7, what is -20054 - -10?
-20044
In base 12, what is -4193 + 20?
-4173
In base 4, what is 1102321 + -21202?
1021113
In base 5, what is -241 - -1141?
400
In base 7, what is -1634 - 201?
-2135
In base 11, what is 32988 + a?
32997
In base 4, what is 101121123 + -10?
101121113
In base 8, what is -544 - 1673?
-2437
In base 14, what is -1 + -1199d?
-119a0
In base 13, what is -8 + -5766?
-5771
In base 9, what is -374 + -110?
-484
In base 5, what is 3 + 403444?
404002
In base 5, what is -21210 - -2332?
-13323
In base 3, what is -10022221102 - -2?
-10022221100
In base 14, what is -5 + 195?
190
In base 7, what is -624541 + 22?
-624516
In base 3, what is 2 - 200222?
-200220
In base 16, what is -ff + 78?
-87
In base 7, what is -1 + -1214003?
-1214004
In base 6, what is -4 - 132115?
-132123
In base 15, what is 2 + -191b35?
-191b33
In base 14, what is 0 - -91854?
91854
In base 16, what is 73 + -3f6?
-383
In base 7, what is -43 - 5623?
-5666
In base 11, what is 52303 + -1?
52302
In base 3, what is 11002021010 - 0?
11002021010
In base 13, what is 3400a + 5?
34012
In base 8, what is 1427 + -15?
1412
In base 10, what is 33 - 7936?
-7903
In base 7, what is -6066054 - 3?
-6066060
In base 5, what is 1123 + -124300?
-123122
In base 10, what is 111 - 188?
-77
In base 11, what is -114a9 - 5?
-11503
In base 16, what is 8 - 2dc7c?
-2dc74
In base 7, what is -2 + 26004?
26002
In base 7, what is 12031 - -20?
12051
In base 8, what is -3 + -12471?
-12474
In base 6, what is 20220353 + 3?
20220400
In base 13, what is -1303c + 1?
-1303b
In base 6, what is 1 - 110331?
-110330
In base 3, what is 101021 - -120112?
221210
In base 15, what is -16158 - -14?
-16144
In base 12, what is -a692 - 8?
-a69a
In base 3, what is -211 - 11012012001?
-11012012212
In base 12, what is a - 18b21?
-18b13
In base 8, what is 46 - -115034?
115102
In base 7, what is -3 + 4204150?
4204144
In base 14, what is -b2366c + 3?
-b23669
In base 8, what is -2130 - 67?
-2217
In base 15, what is -5b + 22?
-39
In base 2, what is 1 - -11001100?
11001101
In base 7, what is -263 + 11016?
10423
I